n divisor of 12 and f?
12
Let t = 39 - 43. Let o = t + 8. Suppose 2*z + 190 = o*y, -2*y + 80 = -0*y + 2*z. Calculate the greatest common divisor of y and 9.
9
Let q be (6 + -1)*3*((-518)/(-70) + -5). What is the greatest common divisor of q and 513?
9
Let n be (4/(-3))/(14*26/(-21567)). Calculate the greatest common divisor of 237 and n.
79
Let h be 100196/666 - 20/45. Calculate the greatest common divisor of h and 264.
6
Suppose 0*o - 4*o = -16*o + 165504. Calculate the highest common divisor of 32 and o.
32
Let j(f) = -8*f**3 - 2*f**2 - 69*f. Let l be j(-4). What is the greatest common factor of l and 56?
28
Suppose -6*s + 135 = -297. Let g(m) = m**2 + 112*m + 3327. Let w be g(-87). Calculate the highest common factor of w and s.
72
Suppose 11*f - 65*f + 6638 = 2750. Calculate the greatest common factor of f and 6.
6
Suppose 0 = -2*y + 47 - 13. Suppose -2*j = y*j - 114. Let c(m) = m + 3. Let l be c(j). Calculate the greatest common factor of l and 6.
3
Suppose -22 = y - 2. Suppose r + 6 = 1. Let l be 3/(r/(y/4)). Calculate the greatest common divisor of l and 3.
3
Suppose -778 = -6*t + 145 - 239. What is the greatest common divisor of t and 9766?
38
Suppose -3*r = r - 164. Let n = r + -41. Suppose n = 3*p + 5*x - 278, -5*x - 217 = -3*p + 81. What is the greatest common factor of p and 12?
12
Suppose -v = 2*v - 3*b - 7062, 11762 = 5*v - b. Suppose v = 43*x - 27*x. What is the greatest common factor of x and 21?
21
Let a(j) = 225*j**2 - 12*j + 33. Let w be a(11). Let z be w/21 + (-4)/(-14). Suppose 10*y - 8 = z. What is the highest common factor of 52 and y?
26
Let g be ((-12)/30 + (-2 - 0))*-5. Let i = g + 28. What is the greatest common factor of 25 and i?
5
Suppose -73 = 12*b - 25. Let v be b + (-7)/((-14)/40). Suppose 5*y = -2*p + v, -3*y - 32 = -p - 13. What is the highest common factor of 39 and p?
13
Let d be 6 + 30/(-3 + 8). Suppose d*s = 8*s + 5*p + 208, 0 = -4*p + 16. What is the greatest common divisor of s and 399?
57
Suppose 0 = -1444*t - 974*t + 671*t + 131025. Suppose -m = -3*u + 452, 0 = -2*u - 2*m - 97 + 393. Calculate the highest common factor of t and u.
75
Let g(l) = 24*l + 88. Let f be g(-17). Let o = 327 + f. Calculate the highest common divisor of 224 and o.
7
Let o(v) = v**3 + 49*v**2 - 6*v - 154. Let p be o(-49). What is the highest common divisor of p and 1560?
20
Let a = 6083 - 5957. What is the highest common divisor of 2718 and a?
18
Let v(o) = 2*o**2 - 6*o + 6. Let x be v(2). Let r = x + 19. Let s = 24 - r. Calculate the greatest common factor of 3 and s.
3
Let t(y) = 7*y**2 + 106*y - 2178. Let z be t(18). Calculate the highest common factor of z and 162.
54
Let o(x) = 11*x**2 - 8*x + 8. Let j be o(-10). Let b = -580 + j. Calculate the greatest common factor of 32 and b.
32
Let k(a) = -9*a**2 + 3*a - 8. Let c be k(-4). Let y be (4/(-2))/(8/c). Let l be 3*(1 + (-3 - y/(-3))). What is the highest common divisor of l and 14?
7
Let y(x) = -100*x + 20. Let r = 550 - 552. Let s be y(r). Suppose -3*u - 10 = -76. Calculate the greatest common factor of s and u.
22
Let n(o) = -8*o**3 + 30*o**2 + 3*o - 17. Let p be n(3). Let u(f) = -95*f + 11. Let b be u(-4). Calculate the greatest common factor of p and b.
23
Let u = 20 + 31. Let v be ((-5610)/11)/(125/(-50)). What is the highest common divisor of v and u?
51
Let f(a) = 252*a - 360. Let s be f(6). Calculate the highest common factor of s and 512.
128
Let w = -3858 - -4416. Calculate the highest common divisor of 26 and w.
2
Let h(k) be the first derivative of k**3/3 + 27*k**2/2 - 43*k + 60. Let v be h(-29). What is the highest common factor of 25 and v?
5
Let q be -19 - -19 - (2 + 114*(-3)/6). Calculate the highest common factor of 670 and q.
5
Suppose j - 15 = 1. Let z be (1283 - -4) + (-36 + 72 - 27). Calculate the highest common divisor of z and j.
16
Let g be (-878)/(-6) - (-52)/(-39). Let l = 200 - g. Calculate the highest common factor of 33 and l.
11
Let h be ((11312/(-420))/((-2)/10))/((-6)/(-9)). What is the greatest common divisor of 22 and h?
2
Let b(x) = 76*x - 1624. Let g be b(23). What is the greatest common factor of 6758 and g?
62
Let l(r) = 11*r - 26*r + 7 - 10*r. Let s be l(-1). What is the greatest common divisor of 208 and s?
16
Let x be 7/2*(-3 - (-165)/35). Suppose -f + x*t = 2*t + 3, 3*f - 3*t - 9 = 0. Let h be (2 - (-12)/(-10))*25. What is the highest common divisor of f and h?
5
Let x be 3*((-40)/(3 - -7) - -1111). What is the greatest common factor of x and 123?
123
Suppose -12*p = -7*p - 135. Suppose y = 2*x + 2, 5*y - p + 10 = 3*x. Suppose -b = -4*b + 12. What is the greatest common factor of y and b?
4
Let l be (1365/52)/((-63)/(-216)). What is the greatest common divisor of 369 and l?
9
Let r be 17 + (-14 - (-13 + 8)). Suppose r*k + 24 = 56. What is the highest common divisor of k and 412?
4
Let f be ((-9)/(-7)*10)/(6/28). Suppose 15 = -5*y, -2*l + 3*y = 7*y - f. Calculate the greatest common divisor of 90 and l.
18
Suppose 0 = u + 2*o - 49, 4*o = u - 5*u + 196. What is the greatest common factor of 21 and u?
7
Suppose -4*t - 12*n = -7*n - 104414, 0 = 3*t - 4*n - 78326. What is the greatest common factor of 114 and t?
114
Let u(d) = 14*d**2 + 14*d + 51. Let g be u(-3). Let k be (4/6)/(9*5/g). What is the highest common factor of k and 16?
2
Let z be -1*(76/(-8))/(2/32). Suppose 4*f + 2*m = 56, -3*m = 4*f - 20 - 32. What is the greatest common divisor of f and z?
8
Let o = -407 + 347. Let k be (2160/(-32))/(9/o). Calculate the highest common divisor of k and 50.
50
Let j = 3615 - 3611. What is the highest common factor of j and 8?
4
Let g = -7986 - -11396. Suppose -33*n + g = -3685. Calculate the greatest common factor of n and 172.
43
Let u be (5*117/75)/(1/10). Let j be (6 - u/12)/((-1)/36). Calculate the highest common factor of j and 9.
9
Let f(q) = -2*q**2 + 19*q - 19. Let n be f(9). Let t be 3/21 + 1/(-7) - n. Calculate the highest common factor of t and 160.
10
Let k(f) = 77*f - 923. Let d be k(15). Calculate the greatest common divisor of d and 319.
29
Suppose 9*g - 4*g = 4*s - 247, -s + 62 = -g. Suppose -3*y - 75 = -5*m, m = -61*y + s*y + 15. What is the highest common divisor of 50 and m?
5
Let t be 34/(-17) - 1/((-1)/138). Suppose 0 = 3*y - 5*m - 152, 2*y + m = 5*y - t. What is the greatest common divisor of 11 and y?
11
Suppose -t = -5*t + 28. Suppose 41*i + 134 = 1382 + 187. Calculate the highest common factor of i and t.
7
Let w(j) = 2*j**3 - 27*j**2 + 28*j - 132. Let v be w(13). What is the highest common divisor of v and 81?
9
Let c(b) = -2*b**3 + 2*b + 1. Let f be c(-3). Let k(h) = 6*h**2 - 9*h + 1. Let q be k(3). What is the highest common factor of f and q?
7
Suppose -3*v - 199 = -13. Let y = v - -109. Suppose y*d + 70 = 52*d. What is the highest common divisor of d and 182?
14
Let x be (2/(-4))/(12/(-72)). Let k = -1 - -6. Suppose -i + 29 + 6 = k*g, g = -5*i + 79. What is the highest common divisor of i and x?
3
Suppose 0 = 105*r - 86*r - 95. Suppose 0 = 4*x + r*v - 6*v - 98, -4*x + 94 = -3*v. Calculate the highest common factor of 100 and x.
25
Let v = -9079 + 9727. Calculate the highest common divisor of v and 240.
24
Suppose 8*k = -0*k - 1832. Let q = k + 232. What is the greatest common divisor of q and 78?
3
Let n(j) = 0*j**2 - 5*j**3 - 2*j**2 - j + 0*j**2. Suppose -20 + 18 = -v + 3*w, 0 = 5*v + w + 6. Let b be n(v). What is the greatest common factor of b and 40?
4
Let f = -18 + 49. Suppose -4*r + f + 61 = 0. Calculate the highest common factor of 299 and r.
23
Let q = -2119 + 3340. Calculate the greatest common divisor of q and 222.
111
Suppose 0 = 3*c + 3*q - 483, 0*q = -2*c - 4*q + 324. Suppose 53*d - 54*d - 2*o = -134, -4*d = -2*o - 466. What is the highest common divisor of c and d?
40
Let f be (-1)/(1 + (-3)/(-3) + (-2346)/1170). What is the highest common divisor of f and 27?
3
Let d(u) = u**2 + u + 8. Let z be d(-4). Let k be 7*1*(-1)/((-35)/z). Calculate the highest common divisor of 108 and k.
4
Let z(t) = 23*t - 6. Let l(o) = -o + 2. Let f(s) = l(s) + z(s). Let m be f(5). What is the greatest common divisor of 159 and m?
53
Let u be (6/4)/((-3)/42*-7). Suppose -2*d = -5*d + 5*c + 54, 4*d - 83 = u*c. Let b = d + -16. Calculate the highest common factor of 7 and b.
7
Let i be 22/4 - ((-117)/(-18) + -7). L